{"id":1031,"date":"2021-09-05T19:56:56","date_gmt":"2021-09-06T00:56:56","guid":{"rendered":"https:\/\/yoamercadeodigital.com\/?page_id=1031"},"modified":"2021-11-24T18:52:59","modified_gmt":"2021-11-24T23:52:59","slug":"trafico-de-clientes","status":"publish","type":"page","link":"https:\/\/yoamercadeodigital.com\/index.php\/trafico-de-clientes\/","title":{"rendered":"tr\u00e1fico de clientes"},"content":{"rendered":"\t\t<div data-elementor-type=\"wp-page\" data-elementor-id=\"1031\" class=\"elementor elementor-1031\">\n\t\t\t\t\t\t<section class=\"elementor-section elementor-top-section elementor-element elementor-element-9e52772 elementor-section-full_width elementor-section-height-default elementor-section-height-default\" data-id=\"9e52772\" data-element_type=\"section\" data-settings=\"{&quot;background_background&quot;:&quot;classic&quot;}\">\n\t\t\t\t\t\t<div class=\"elementor-container elementor-column-gap-default\">\n\t\t\t\t\t<div class=\"elementor-column elementor-col-100 elementor-top-column elementor-element elementor-element-cbf316b\" data-id=\"cbf316b\" data-element_type=\"column\">\n\t\t\t<div class=\"elementor-widget-wrap elementor-element-populated\">\n\t\t\t\t\t\t<div class=\"elementor-element elementor-element-97458f7 elementor-widget elementor-widget-heading\" data-id=\"97458f7\" data-element_type=\"widget\" data-widget_type=\"heading.default\">\n\t\t\t\t<div class=\"elementor-widget-container\">\n\t\t\t<h2 class=\"elementor-heading-title elementor-size-default\"><br><br><br>Campa\u00f1as<\/h2>\t\t<\/div>\n\t\t\t\t<\/div>\n\t\t\t\t\t<\/div>\n\t\t<\/div>\n\t\t\t\t\t<\/div>\n\t\t<\/section>\n\t\t\t\t<section class=\"elementor-section elementor-top-section elementor-element elementor-element-bc2e377 elementor-section-boxed elementor-section-height-default elementor-section-height-default\" data-id=\"bc2e377\" data-element_type=\"section\">\n\t\t\t\t\t\t<div class=\"elementor-container elementor-column-gap-default\">\n\t\t\t\t\t<div class=\"elementor-column elementor-col-100 elementor-top-column elementor-element elementor-element-cfe3ce7\" data-id=\"cfe3ce7\" data-element_type=\"column\">\n\t\t\t<div class=\"elementor-widget-wrap elementor-element-populated\">\n\t\t\t\t\t\t<div class=\"elementor-element elementor-element-8ef3cff elementor-widget elementor-widget-spacer\" data-id=\"8ef3cff\" data-element_type=\"widget\" data-widget_type=\"spacer.default\">\n\t\t\t\t<div class=\"elementor-widget-container\">\n\t\t\t\t\t<div class=\"elementor-spacer\">\n\t\t\t<div class=\"elementor-spacer-inner\"><\/div>\n\t\t<\/div>\n\t\t\t\t<\/div>\n\t\t\t\t<\/div>\n\t\t\t\t\t<\/div>\n\t\t<\/div>\n\t\t\t\t\t<\/div>\n\t\t<\/section>\n\t\t\t\t<section class=\"elementor-section elementor-top-section elementor-element elementor-element-b11bcd0 elementor-section-boxed elementor-section-height-default elementor-section-height-default\" data-id=\"b11bcd0\" data-element_type=\"section\">\n\t\t\t\t\t\t<div class=\"elementor-container elementor-column-gap-no\">\n\t\t\t\t\t<div class=\"elementor-column elementor-col-100 elementor-top-column elementor-element elementor-element-c66c4d1\" data-id=\"c66c4d1\" data-element_type=\"column\">\n\t\t\t<div class=\"elementor-widget-wrap elementor-element-populated\">\n\t\t\t\t\t\t<div class=\"elementor-element elementor-element-2b2e12b elementor-widget elementor-widget-text-editor\" data-id=\"2b2e12b\" data-element_type=\"widget\" data-widget_type=\"text-editor.default\">\n\t\t\t\t<div class=\"elementor-widget-container\">\n\t\t\t\t\t\t\t<p>\u00bfSabes lo que quieres, pero no tienes claro lo que necesitas para que tu negocio avance c\u00f3mo deber\u00eda? la pauta se ha convertido en el mayor generador de clientes y ser\u00e1 una herramienta fundamental para que tu negocio no pare de crecer. Con nuestro equipo determinaremos el objetivo para que optimices tus recursos y veas resultados en el menor tiempo posible.<\/p>\t\t\t\t\t\t<\/div>\n\t\t\t\t<\/div>\n\t\t\t\t\t<\/div>\n\t\t<\/div>\n\t\t\t\t\t<\/div>\n\t\t<\/section>\n\t\t\t\t<section class=\"elementor-section elementor-top-section elementor-element elementor-element-60ea931 elementor-section-boxed elementor-section-height-default elementor-section-height-default\" data-id=\"60ea931\" data-element_type=\"section\">\n\t\t\t\t\t\t<div class=\"elementor-container elementor-column-gap-default\">\n\t\t\t\t\t<div class=\"elementor-column elementor-col-100 elementor-top-column elementor-element elementor-element-22f9b92\" data-id=\"22f9b92\" data-element_type=\"column\">\n\t\t\t<div class=\"elementor-widget-wrap elementor-element-populated\">\n\t\t\t\t\t\t<div class=\"elementor-element elementor-element-d2e4ef2 elementor-widget elementor-widget-text-editor\" data-id=\"d2e4ef2\" data-element_type=\"widget\" data-widget_type=\"text-editor.default\">\n\t\t\t\t<div class=\"elementor-widget-container\">\n\t\t\t\t\t\t\t<p style=\"text-align: justify;\">\u00a0Hacemos campa\u00f1as en las redes sociales que vayan acorde con tu marca, elaboramos de la mano de nuestros colaboradores entre ellos mercad\u00f3logos, publicistas, dise\u00f1adores y creativos las piezas gr\u00e1ficas, los textos, copys, anuncios, videos, podcast necesarios para lograr el \u00e9xito que tu empresa desea.\u00a0<\/p>\t\t\t\t\t\t<\/div>\n\t\t\t\t<\/div>\n\t\t\t\t\t<\/div>\n\t\t<\/div>\n\t\t\t\t\t<\/div>\n\t\t<\/section>\n\t\t\t\t<section class=\"elementor-section elementor-top-section elementor-element elementor-element-791ddf8 elementor-section-boxed elementor-section-height-default elementor-section-height-default\" data-id=\"791ddf8\" data-element_type=\"section\">\n\t\t\t\t\t\t<div class=\"elementor-container elementor-column-gap-default\">\n\t\t\t\t\t<div class=\"elementor-column elementor-col-100 elementor-top-column elementor-element elementor-element-0421527\" data-id=\"0421527\" data-element_type=\"column\">\n\t\t\t<div class=\"elementor-widget-wrap elementor-element-populated\">\n\t\t\t\t\t\t<div class=\"elementor-element elementor-element-26dca0b elementor-widget elementor-widget-heading\" data-id=\"26dca0b\" data-element_type=\"widget\" data-widget_type=\"heading.default\">\n\t\t\t\t<div class=\"elementor-widget-container\">\n\t\t\t<h2 class=\"elementor-heading-title elementor-size-default\">Tipos de Campa\u00f1as Facebook e Instagram:<\/h2>\t\t<\/div>\n\t\t\t\t<\/div>\n\t\t\t\t\t<\/div>\n\t\t<\/div>\n\t\t\t\t\t<\/div>\n\t\t<\/section>\n\t\t\t\t<section class=\"elementor-section elementor-top-section elementor-element elementor-element-c7691b6 elementor-section-boxed elementor-section-height-default elementor-section-height-default\" data-id=\"c7691b6\" data-element_type=\"section\">\n\t\t\t\t\t\t<div class=\"elementor-container elementor-column-gap-default\">\n\t\t\t\t\t<div class=\"elementor-column elementor-col-33 elementor-top-column elementor-element elementor-element-0e2296d\" data-id=\"0e2296d\" data-element_type=\"column\">\n\t\t\t<div class=\"elementor-widget-wrap elementor-element-populated\">\n\t\t\t\t\t\t<div class=\"elementor-element elementor-element-57821ec elementor-widget elementor-widget-text-editor\" data-id=\"57821ec\" data-element_type=\"widget\" data-widget_type=\"text-editor.default\">\n\t\t\t\t<div class=\"elementor-widget-container\">\n\t\t\t\t\t\t\t<p><strong>Reconocimiento:<\/strong><\/p><p><span style=\"font-size: 16px;\">Reconocimiento de marca <\/span><\/p><div class=\"_89na\"><span style=\"font-size: 16px;\">Alcance<\/span><\/div>\t\t\t\t\t\t<\/div>\n\t\t\t\t<\/div>\n\t\t\t\t\t<\/div>\n\t\t<\/div>\n\t\t\t\t<div class=\"elementor-column elementor-col-33 elementor-top-column elementor-element elementor-element-d447a43\" data-id=\"d447a43\" data-element_type=\"column\">\n\t\t\t<div class=\"elementor-widget-wrap elementor-element-populated\">\n\t\t\t\t\t\t<div class=\"elementor-element elementor-element-703bb78 elementor-widget elementor-widget-text-editor\" data-id=\"703bb78\" data-element_type=\"widget\" data-widget_type=\"text-editor.default\">\n\t\t\t\t<div class=\"elementor-widget-container\">\n\t\t\t\t\t\t\t<div class=\"_89na\"><strong>Consideraci\u00f3n:<\/strong><\/div><div class=\"_89na\"><span style=\"font-size: 16px;\">Tr\u00e1fico<\/span><\/div><div class=\"_89na\"><div class=\"_3-8s _3-8m\"><div class=\"_89d- _3qn7 _61-0 _2fyi _3qng\"><div class=\"j06pyirx\" aria-hidden=\"true\"><div class=\"_88ly\"><div class=\"_88m2\"><span style=\"font-size: 16px;\">Interacci\u00f3n<\/span><\/div><div class=\"_88m2\"><span style=\"font-size: 16px;\">Instalaciones de la app<\/span><\/div><\/div><\/div><\/div><div class=\"_89d- _3qn7 _61-0 _2fyi _3qng\"><div class=\"hmxda3hc opwmuqj8 pnafrmqx i0qf9ogy rjrm9yz5 qxcjrv7e\"><div class=\"rukfbz1i rgv06kww fs7az2u6 osmv8kjw ax8g0185 olevwlzt\"><div id=\"js_o5\" class=\"ck3oti0f pnafrmqx rjrm9yz5\">Reproducciones de video<\/div><\/div><\/div><\/div><div class=\"_89d- _3qn7 _61-0 _2fyi _3qng\"><div class=\"j06pyirx\" aria-hidden=\"true\"><div class=\"_88ly\"><div class=\"_88m2\"><span style=\"font-size: 16px;\">Generaci\u00f3n de clientes potenciales<\/span><\/div><div class=\"_88m2\"><span style=\"font-size: 16px;\">Mensajes<\/span><\/div><\/div><\/div><\/div><\/div><\/div>\t\t\t\t\t\t<\/div>\n\t\t\t\t<\/div>\n\t\t\t\t\t<\/div>\n\t\t<\/div>\n\t\t\t\t<div class=\"elementor-column elementor-col-33 elementor-top-column elementor-element elementor-element-e39ea47\" data-id=\"e39ea47\" data-element_type=\"column\">\n\t\t\t<div class=\"elementor-widget-wrap elementor-element-populated\">\n\t\t\t\t\t\t<div class=\"elementor-element elementor-element-209f3c0 elementor-widget elementor-widget-text-editor\" data-id=\"209f3c0\" data-element_type=\"widget\" data-widget_type=\"text-editor.default\">\n\t\t\t\t<div class=\"elementor-widget-container\">\n\t\t\t\t\t\t\t<p><strong>Conversi\u00f3n:<\/strong><\/p><p><span style=\"font-size: 16px;\">Conversiones<\/span><\/p><div><span style=\"font-size: 16px;\">Ventas del cat\u00e1logo<\/span><\/div><div class=\"_3-8s _3-8m\"><div class=\"_89d- _3qn7 _61-0 _2fyi _3qng\"><div class=\"hmxda3hc opwmuqj8 pnafrmqx i0qf9ogy rjrm9yz5 qxcjrv7e\"><div class=\"rukfbz1i rgv06kww fs7az2u6 osmv8kjw ax8g0185 olevwlzt\"><div id=\"js_og\" class=\"ck3oti0f pnafrmqx rjrm9yz5\">Tr\u00e1fico en el negocio<\/div><\/div><\/div><\/div><\/div>\t\t\t\t\t\t<\/div>\n\t\t\t\t<\/div>\n\t\t\t\t\t<\/div>\n\t\t<\/div>\n\t\t\t\t\t<\/div>\n\t\t<\/section>\n\t\t\t\t<\/div>\n\t\t","protected":false},"excerpt":{"rendered":"<p>Campa\u00f1as \u00bfSabes lo que quieres, pero no tienes claro lo que necesitas para que tu negocio avance c\u00f3mo deber\u00eda? la pauta se ha convertido en el mayor generador de clientes y ser\u00e1 una herramienta fundamental para que tu negocio no pare de crecer. Con nuestro equipo determinaremos el objetivo para que optimices tus recursos y [&hellip;]<\/p>\n","protected":false},"author":1,"featured_media":0,"parent":0,"menu_order":0,"comment_status":"closed","ping_status":"closed","template":"","meta":{"om_disable_all_campaigns":false,"site-sidebar-layout":"no-sidebar","site-content-layout":"page-builder","ast-site-content-layout":"","site-content-style":"default","site-sidebar-style":"default","ast-global-header-display":"","ast-banner-title-visibility":"","ast-main-header-display":"","ast-hfb-above-header-display":"","ast-hfb-below-header-display":"","ast-hfb-mobile-header-display":"","site-post-title":"disabled","ast-breadcrumbs-content":"","ast-featured-img":"disabled","footer-sml-layout":"","theme-transparent-header-meta":"default","adv-header-id-meta":"","stick-header-meta":"","header-above-stick-meta":"","header-main-stick-meta":"","header-below-stick-meta":"","astra-migrate-meta-layouts":"default","ast-page-background-enabled":"default","ast-page-background-meta":{"desktop":{"background-color":"","background-image":"","background-repeat":"repeat","background-position":"center center","background-size":"auto","background-attachment":"scroll","background-type":"","background-media":"","overlay-type":"","overlay-color":"","overlay-opacity":"","overlay-gradient":""},"tablet":{"background-color":"","background-image":"","background-repeat":"repeat","background-position":"center center","background-size":"auto","background-attachment":"scroll","background-type":"","background-media":"","overlay-type":"","overlay-color":"","overlay-opacity":"","overlay-gradient":""},"mobile":{"background-color":"","background-image":"","background-repeat":"repeat","background-position":"center center","background-size":"auto","background-attachment":"scroll","background-type":"","background-media":"","overlay-type":"","overlay-color":"","overlay-opacity":"","overlay-gradient":""}},"ast-content-background-meta":{"desktop":{"background-color":"var(--ast-global-color-5)","background-image":"","background-repeat":"repeat","background-position":"center center","background-size":"auto","background-attachment":"scroll","background-type":"","background-media":"","overlay-type":"","overlay-color":"","overlay-opacity":"","overlay-gradient":""},"tablet":{"background-color":"var(--ast-global-color-5)","background-image":"","background-repeat":"repeat","background-position":"center center","background-size":"auto","background-attachment":"scroll","background-type":"","background-media":"","overlay-type":"","overlay-color":"","overlay-opacity":"","overlay-gradient":""},"mobile":{"background-color":"var(--ast-global-color-5)","background-image":"","background-repeat":"repeat","background-position":"center center","background-size":"auto","background-attachment":"scroll","background-type":"","background-media":"","overlay-type":"","overlay-color":"","overlay-opacity":"","overlay-gradient":""}},"_joinchat":[],"footnotes":""},"class_list":["post-1031","page","type-page","status-publish","hentry"],"aioseo_notices":[],"yoast_head":"<!-- This site is optimized with the Yoast SEO Premium plugin v17.2 (Yoast SEO v22.0) - https:\/\/yoast.com\/wordpress\/plugins\/seo\/ -->\n<title>tr\u00e1fico de clientes - Yoa<\/title>\n<meta name=\"description\" content=\"Generamos negocios, atraemos clientes para tu negocio, enc\u00e1rgate de tu negocio nosotros traemos los posibles clientes.\" \/>\n<meta name=\"robots\" content=\"index, follow, max-snippet:-1, max-image-preview:large, max-video-preview:-1\" \/>\n<link rel=\"canonical\" href=\"https:\/\/yoamercadeodigital.com\/index.php\/trafico-de-clientes\/\" \/>\n<meta property=\"og:locale\" content=\"es_ES\" \/>\n<meta property=\"og:type\" content=\"article\" \/>\n<meta property=\"og:title\" content=\"tr\u00e1fico de clientes\" \/>\n<meta property=\"og:description\" content=\"Generamos negocios, atraemos clientes para tu negocio, enc\u00e1rgate de tu negocio nosotros traemos los posibles clientes.\" \/>\n<meta property=\"og:url\" content=\"https:\/\/yoamercadeodigital.com\/index.php\/trafico-de-clientes\/\" \/>\n<meta property=\"og:site_name\" content=\"Yoa\" \/>\n<meta property=\"article:modified_time\" content=\"2021-11-24T23:52:59+00:00\" \/>\n<meta name=\"twitter:card\" content=\"summary_large_image\" \/>\n<meta name=\"twitter:label1\" content=\"Tiempo estimado de lectura\" \/>\n\t<meta name=\"twitter:data1\" content=\"1 minuto\" \/>\n<script type=\"application\/ld+json\" class=\"yoast-schema-graph\">{\"@context\":\"https:\/\/schema.org\",\"@graph\":[{\"@type\":\"WebPage\",\"@id\":\"https:\/\/yoamercadeodigital.com\/index.php\/trafico-de-clientes\/\",\"url\":\"https:\/\/yoamercadeodigital.com\/index.php\/trafico-de-clientes\/\",\"name\":\"tr\u00e1fico de clientes - Yoa\",\"isPartOf\":{\"@id\":\"https:\/\/yoamercadeodigital.com\/#website\"},\"datePublished\":\"2021-09-06T00:56:56+00:00\",\"dateModified\":\"2021-11-24T23:52:59+00:00\",\"description\":\"Generamos negocios, atraemos clientes para tu negocio, enc\u00e1rgate de tu negocio nosotros traemos los posibles clientes.\",\"breadcrumb\":{\"@id\":\"https:\/\/yoamercadeodigital.com\/index.php\/trafico-de-clientes\/#breadcrumb\"},\"inLanguage\":\"es-CO\",\"potentialAction\":[{\"@type\":\"ReadAction\",\"target\":[\"https:\/\/yoamercadeodigital.com\/index.php\/trafico-de-clientes\/\"]}]},{\"@type\":\"BreadcrumbList\",\"@id\":\"https:\/\/yoamercadeodigital.com\/index.php\/trafico-de-clientes\/#breadcrumb\",\"itemListElement\":[{\"@type\":\"ListItem\",\"position\":1,\"name\":\"Home\",\"item\":\"https:\/\/yoamercadeodigital.com\/\"},{\"@type\":\"ListItem\",\"position\":2,\"name\":\"tr\u00e1fico de clientes\"}]},{\"@type\":\"WebSite\",\"@id\":\"https:\/\/yoamercadeodigital.com\/#website\",\"url\":\"https:\/\/yoamercadeodigital.com\/\",\"name\":\"Yoa\",\"description\":\"Yoa Mercadeo Digital\",\"publisher\":{\"@id\":\"https:\/\/yoamercadeodigital.com\/#organization\"},\"potentialAction\":[{\"@type\":\"SearchAction\",\"target\":{\"@type\":\"EntryPoint\",\"urlTemplate\":\"https:\/\/yoamercadeodigital.com\/?s={search_term_string}\"},\"query-input\":\"required name=search_term_string\"}],\"inLanguage\":\"es-CO\"},{\"@type\":\"Organization\",\"@id\":\"https:\/\/yoamercadeodigital.com\/#organization\",\"name\":\"Yoa\",\"url\":\"https:\/\/yoamercadeodigital.com\/\",\"logo\":{\"@type\":\"ImageObject\",\"inLanguage\":\"es-CO\",\"@id\":\"https:\/\/yoamercadeodigital.com\/#\/schema\/logo\/image\/\",\"url\":\"https:\/\/yoamercadeodigital.com\/wp-content\/uploads\/2020\/10\/YOAH-MARKETIN-01-1.png\",\"contentUrl\":\"https:\/\/yoamercadeodigital.com\/wp-content\/uploads\/2020\/10\/YOAH-MARKETIN-01-1.png\",\"width\":582,\"height\":409,\"caption\":\"Yoa\"},\"image\":{\"@id\":\"https:\/\/yoamercadeodigital.com\/#\/schema\/logo\/image\/\"}}]}<\/script>\n<!-- \/ Yoast SEO Premium plugin. -->","yoast_head_json":{"title":"tr\u00e1fico de clientes - Yoa","description":"Generamos negocios, atraemos clientes para tu negocio, enc\u00e1rgate de tu negocio nosotros traemos los posibles clientes.","robots":{"index":"index","follow":"follow","max-snippet":"max-snippet:-1","max-image-preview":"max-image-preview:large","max-video-preview":"max-video-preview:-1"},"canonical":"https:\/\/yoamercadeodigital.com\/index.php\/trafico-de-clientes\/","og_locale":"es_ES","og_type":"article","og_title":"tr\u00e1fico de clientes","og_description":"Generamos negocios, atraemos clientes para tu negocio, enc\u00e1rgate de tu negocio nosotros traemos los posibles clientes.","og_url":"https:\/\/yoamercadeodigital.com\/index.php\/trafico-de-clientes\/","og_site_name":"Yoa","article_modified_time":"2021-11-24T23:52:59+00:00","twitter_card":"summary_large_image","twitter_misc":{"Tiempo estimado de lectura":"1 minuto"},"schema":{"@context":"https:\/\/schema.org","@graph":[{"@type":"WebPage","@id":"https:\/\/yoamercadeodigital.com\/index.php\/trafico-de-clientes\/","url":"https:\/\/yoamercadeodigital.com\/index.php\/trafico-de-clientes\/","name":"tr\u00e1fico de clientes - Yoa","isPartOf":{"@id":"https:\/\/yoamercadeodigital.com\/#website"},"datePublished":"2021-09-06T00:56:56+00:00","dateModified":"2021-11-24T23:52:59+00:00","description":"Generamos negocios, atraemos clientes para tu negocio, enc\u00e1rgate de tu negocio nosotros traemos los posibles clientes.","breadcrumb":{"@id":"https:\/\/yoamercadeodigital.com\/index.php\/trafico-de-clientes\/#breadcrumb"},"inLanguage":"es-CO","potentialAction":[{"@type":"ReadAction","target":["https:\/\/yoamercadeodigital.com\/index.php\/trafico-de-clientes\/"]}]},{"@type":"BreadcrumbList","@id":"https:\/\/yoamercadeodigital.com\/index.php\/trafico-de-clientes\/#breadcrumb","itemListElement":[{"@type":"ListItem","position":1,"name":"Home","item":"https:\/\/yoamercadeodigital.com\/"},{"@type":"ListItem","position":2,"name":"tr\u00e1fico de clientes"}]},{"@type":"WebSite","@id":"https:\/\/yoamercadeodigital.com\/#website","url":"https:\/\/yoamercadeodigital.com\/","name":"Yoa","description":"Yoa Mercadeo Digital","publisher":{"@id":"https:\/\/yoamercadeodigital.com\/#organization"},"potentialAction":[{"@type":"SearchAction","target":{"@type":"EntryPoint","urlTemplate":"https:\/\/yoamercadeodigital.com\/?s={search_term_string}"},"query-input":"required name=search_term_string"}],"inLanguage":"es-CO"},{"@type":"Organization","@id":"https:\/\/yoamercadeodigital.com\/#organization","name":"Yoa","url":"https:\/\/yoamercadeodigital.com\/","logo":{"@type":"ImageObject","inLanguage":"es-CO","@id":"https:\/\/yoamercadeodigital.com\/#\/schema\/logo\/image\/","url":"https:\/\/yoamercadeodigital.com\/wp-content\/uploads\/2020\/10\/YOAH-MARKETIN-01-1.png","contentUrl":"https:\/\/yoamercadeodigital.com\/wp-content\/uploads\/2020\/10\/YOAH-MARKETIN-01-1.png","width":582,"height":409,"caption":"Yoa"},"image":{"@id":"https:\/\/yoamercadeodigital.com\/#\/schema\/logo\/image\/"}}]}},"_links":{"self":[{"href":"https:\/\/yoamercadeodigital.com\/index.php\/wp-json\/wp\/v2\/pages\/1031","targetHints":{"allow":["GET"]}}],"collection":[{"href":"https:\/\/yoamercadeodigital.com\/index.php\/wp-json\/wp\/v2\/pages"}],"about":[{"href":"https:\/\/yoamercadeodigital.com\/index.php\/wp-json\/wp\/v2\/types\/page"}],"author":[{"embeddable":true,"href":"https:\/\/yoamercadeodigital.com\/index.php\/wp-json\/wp\/v2\/users\/1"}],"replies":[{"embeddable":true,"href":"https:\/\/yoamercadeodigital.com\/index.php\/wp-json\/wp\/v2\/comments?post=1031"}],"version-history":[{"count":49,"href":"https:\/\/yoamercadeodigital.com\/index.php\/wp-json\/wp\/v2\/pages\/1031\/revisions"}],"predecessor-version":[{"id":1872,"href":"https:\/\/yoamercadeodigital.com\/index.php\/wp-json\/wp\/v2\/pages\/1031\/revisions\/1872"}],"wp:attachment":[{"href":"https:\/\/yoamercadeodigital.com\/index.php\/wp-json\/wp\/v2\/media?parent=1031"}],"curies":[{"name":"wp","href":"https:\/\/api.w.org\/{rel}","templated":true}]}}